 -2 + c/((-9)/(-3)) a prime number?
False
Suppose 2*l = k + 34, 4*k - 2*k = -4*l + 84. Is l prime?
True
Let p(m) = m**2 + 10*m + 9. Let a = -10 - -1. Let g be p(a). Suppose -75 = -g*v - 5*v. Is v composite?
True
Let a = -125 - -194. Let w = a - 10. Is w composite?
False
Is 3 - 7 - 24692/(-4) a prime number?
False
Let w(s) = s**3 + 4*s**2 - 2*s - 6. Let l be w(-4). Suppose 0 = -5*u + l*c + 283, -58 = -u - 0*c - c. Is u a prime number?
False
Let i = 342 + 187. Is i a composite number?
True
Let p(z) = -14*z**3 - z**2 - 2*z - 1. Let j(l) = -2*l + 4. Let o be j(4). Let y be -1*1 - (o - -4). Is p(y) a composite number?
True
Let p = -1795 + 3086. Is p prime?
True
Let k(d) = 11*d**3 + 1. Is k(2) a composite number?
False
Let w = 5 + -2. Let l = -4 - w. Let j(m) = m**2 + 5*m - 4. Is j(l) a prime number?
False
Is -5*(2/(-6) - (-4924)/(-6)) prime?
False
Let t(z) = z**2 - z + 2. Let l be t(2). Suppose b + l*b = -h + 21, -5*h = 4*b - 126. Suppose 2*f = -4*d + 30, 2*d + 37 = 5*f - h. Is f a prime number?
True
Is 448 + ((-23)/7 - (-26)/91) a prime number?
False
Suppose 1792 = 4*t - 4*c, -4*t - 2*c = -7*t + 1342. Is t a composite number?
True
Suppose -3 = b, -4*m - b + 5*b = -28. Suppose -5*p + 388 = -p + f, 4*p = m*f + 388. Is p prime?
True
Let z = -1775 - -4212. Is z prime?
True
Suppose 0*m + 120 = 4*m. Suppose 3*a - 141 + m = 0. Is a a prime number?
True
Let i = -581 + 996. Is i a composite number?
True
Suppose -4*i = -5*i + 87. Is i a prime number?
False
Let g be 8/12 + (-500)/(-6). Is g + (2 + -3 - -4) prime?
False
Let v(z) = -19*z. Is v(-11) a prime number?
False
Suppose -1562 = 17*d - 8311. Is d composite?
False
Let i be -2 + 1 + 2 - 1. Suppose i = h + 39 - 6. Let p = -7 - h. Is p a composite number?
True
Let w be 1258/6 - (-12)/9. Suppose 26 = -3*a - 124. Let z = a + w. Is z prime?
False
Is ((-685)/2 - (-24)/8)*-2 prime?
False
Let g(b) = 18*b - 2. Let f be g(2). Let w = 193 - f. Is w a composite number?
True
Let d = 67 + -46. Let n = d + 32. Is n a prime number?
True
Let v(g) = 3 + 2*g - 8*g**3 - 23*g**3 + 9*g**3 + g**2. Is v(-2) a composite number?
False
Suppose 3*t = 5*m - 571, -2*m - 3*m - 5*t + 555 = 0. Let z = -2 - -4. Suppose -h + z*h = m. Is h composite?
False
Let j = -132 - -185. Is j composite?
False
Suppose -86 - 929 = -5*r. Is r composite?
True
Let i be -54*-1*(-3)/(-2). Suppose 2*y = -o + 63, i = -2*o + 4*o - 5*y. Suppose -o + 16 = -l. Is l prime?
True
Suppose 4*y + y - 1835 = 0. Suppose -3*v + 1002 = 5*i, i + y = v + 41. Is v a prime number?
False
Let b(l) = -912*l - 1. Is b(-1) composite?
False
Is 654/2 - (3 + -7) composite?
False
Let w(o) = o**3 - 5*o**2 - 6*o - 1. Let m be w(6). Let l(x) = -56*x**3 - x**2. Is l(m) prime?
False
Let l(h) = 2*h - 10. Let d be l(0). Let u = 25 + d. Is u a prime number?
False
Suppose 8*w - 30 = 6*w. Suppose w*j - 13*j = 826. Is j a prime number?
False
Let u = -1135 + 1832. Is u a prime number?
False
Let c = 1 + 0. Let a be 3/(-9) + (-20)/(-6). Suppose 0 = a*h - 8 - c. Is h a composite number?
False
Let j = 303 + -176. Is j a prime number?
True
Let l(z) = 4*z**3 - 8*z**2 + 4*z. Let i(w) be the first derivative of w**4/4 - w**3/3 - w**2/2 - 1. Let h(j) = -3*i(j) + l(j). Is h(5) prime?
False
Let z(v) = 21*v + 25. Is z(4) composite?
False
Let w = -1312 - -2411. Is w a composite number?
True
Let o(f) = 7 - 5*f + 3*f + 7*f. Is o(6) composite?
False
Let m = 20 - 17. Suppose -f - 5*j + 25 = -0*f, 0 = 4*f - m*j - 146. Is f a prime number?
False
Let z = -14 - -18. Is (1239/(-12))/((-1)/z) a composite number?
True
Suppose -u = 3*a - 51, -7*u + 2*u = -4*a - 179. Let s = u - 93. Is 0 - -1 - (s - -2) prime?
True
Suppose 0*m = -g + 3*m - 15, -5 = -2*g - m. Let h(x) = -5*x - 2 + g*x + 1. Is h(-10) a composite number?
True
Let d be 1/(9/(-30))*-15. Suppose o - 5 = d. Is o a prime number?
False
Let h = -23 - -26. Suppose 249 = h*v - 180. Is v prime?
False
Let t(m) = m - 1. Let x be t(4). Suppose 5*w = -o + 1644 + 869, 1505 = x*w + 2*o. Is w composite?
False
Suppose 5*z + 3*f = -4, 0 = 5*z - 5*f + 10*f. Let c = 0 + 1. Is (c/z)/(2/(-152)) a prime number?
False
Suppose 5 = -2*d + 2*n - 1, -3*n + 3 = 0. Let z = 24 + d. Is z composite?
True
Let j be 1/3 - 134/(-3). Let r = 6 - 1. Suppose r*i + 3*g - 119 = 0, -4*i + j = 5*g - 58. Is i prime?
False
Suppose 3*t - 5*l - 5024 = 0, 3*t + 0*t - 4*l = 5026. Is t prime?
False
Suppose -f + 2*m = -4*f - 1584, f - 3*m = -517. Is (-3 - f/2) + -1 composite?
True
Let z(b) = b**3 + 9*b**2 - 4*b + 3. Let n be z(-7). Suppose -2*h + n = h. Is h a composite number?
False
Suppose -6*h = -2*h - 216. Suppose 0 = 4*j - 185 - 135. Let k = j - h. Is k a prime number?
False
Suppose -m = -6*m - 3*v - 189, 0 = 3*m + v + 115. Is 769/13 + 6/m composite?
False
Let x(z) = -8*z**2 + 6*z + 8. Let h(a) = 4*a**2 - 3*a - 4. Let f(q) = 13*h(q) + 6*x(q). Is f(-5) a prime number?
False
Suppose 1055 = 2*u + 3*u. Is u a composite number?
False
Suppose -l - 3*l = -124. Suppose 6 = f - l. Is f prime?
True
Let c = -982 + 1548. Let p = c + 111. Is p composite?
False
Let k be 8/10*(-75)/6. Is (55/k)/((-2)/28) a composite number?
True
Suppose -4*i + r = -26, 2*i - 10 = -3*r + 10. Let w = i - 3. Let s(l) = l**2 + 4*l - 1. Is s(w) a composite number?
False
Let j(t) = 135*t - 9. Let x be j(3). Is (12/(-4) - -4) + x composite?
False
Suppose -5*s + 0*s = -515. Suppose 44 = 3*q - s. Is q a prime number?
False
Let m be (8799/(-9))/(-7) + (-2)/3. Suppose 4*g = g - 24. Let p = m + g. Is p a composite number?
False
Let g(w) = -2*w**2 - 2*w - 3. Let x be g(-2). Let p(s) = -s - 7. Let k be p(x). Suppose -2*u + b + k*b = -102, -u + 45 = -2*b. Is u prime?
True
Let f(p) = p**3 - 4*p**2 + 2. Let j be f(4). Let d be (-2 + 1)*9 + j. Let s(g) = 2*g**2 + g. Is s(d) a prime number?
False
Suppose -4*a + 7 = -1. Suppose -60 = -w - a*w. Suppose -w - 30 = -2*z. Is z composite?
True
Is (-11 - -14) + 1 + 1051 prime?
False
Let l(d) be the third derivative of -73*d**4/24 - d**3/2 - d**2. Is l(-2) composite?
True
Let p be (-18)/(-3) + -1 + 1. Let i(y) = -y**3 + 6*y**2 + y - 1. Let r be i(p). Suppose 0 = -r*g + g + 84. Is g composite?
True
Let p(b) be the first derivative of -b**4/12 + 67*b**2/2 - b + 2. Let n(c) be the first derivative of p(c). Is n(0) prime?
True
Suppose 5*d + 4625 - 19123 = -3*u, 5*u = -5*d + 14500. Is d a prime number?
False
Let g(o) = -o**3 + 2*o**2 + 4*o - 3. Let n be g(3). Suppose 0 = -n*r + 3*r - 3. Is 125 - 2*(-2 + r) a composite number?
False
Suppose 4*n - 5*n - 2*i + 1161 = 0, 2*n - 2292 = 2*i. Is n composite?
False
Let b be -6*(10/4)/(-5). Suppose b*r - d - 201 = 376, -3*r = 4*d - 557. Is r a composite number?
False
Suppose -5*y = -y - 6548. Is y composite?
False
Let p be ((-73)/(-2))/(1/(-2)). Let o(q) = -18*q - 22. Let z be o(-14). Let m = z + p. Is m prime?
True
Suppose u - 10 = q - 0, 2*u = -4*q + 50. Suppose -g + u = 5*b - 4*g, -3 = -b - g. Suppose -15 - 6 = -b*d. Is d prime?
True
Suppose 4*h + 1 = -3*m - 4, -5*h + 3*m = 13. Is 19*h*(-2)/4 a composite number?
False
Let n(z) = -2*z**3 + z**2 + 2*z. Let g be n(2). Let j = -5 - g. Suppose -j*p = -2*c + 4*c - 71, 4*c + p - 127 = 0. Is c composite?
False
Let v = 580 + 97. Is v prime?
True
Is 2 - -2 - 555*-3 prime?
True
Suppose 657 = 5*g + 3*i, 4*g = 6*g - 2*i - 250. Is g a prime number?
False
Suppose -3*i = 5*i - 8488. Is i a composite number?
False
Suppose 4*c = -27 - 45. Let y be (-12)/(-54) - 32/c. Suppose 0 = 2*z + y*p - 8, 18 = 3*z - 5*p - 18. Is z prime?
True
Suppose 8*a - 15266 = 2166. Is a composite?
False
Let r(w) = -w**2 + 1 - 3 + 0*w**3 - 2*w**3. Let n(t) = -t**2 + 6*t + 5. Let q be n(7). Is r(q) a composite number?
True
Let s be ((-4)/(-10))/(1/5). Suppose j + 284 = n - 0*j, -4*n + j = -1145. Suppose n = -h + s*h. Is h composite?
True
Suppose g - 3*j = -0*g - 12, 3*j - 24 = 5*g. Suppose 2*n + 11 = -5*k, 1 - 3 = -n. Is (47/1)/(k/g) a composite number?
False
Let q(u) = 243*u**2 - 3*u + 5. Is q(2) prime?
True
Let x(g) = 54*g**2 - 2*g - 1. Is x(2) composite?
False
Let z = 273 + -161. Let j = 165 - z. Is j prime?
True
Let t = 86 - 37. Is t a prime number?
False
Suppose -3*k + 1465 = -4*a - 5882, -9827 = -4*k - 5*a. Is k a composite number?
True
Let b = 11 + -12. Suppose 3*l + 2*z - 2 = 1, -5*l + 5*z = -30. Is 36 + l/(-2 + b) prime?
False
Let y(u) = 22*u**3 - u**2 + u 